me factors of 4784?
2, 13, 23
List the prime factors of 2762.
2, 1381
What are the prime factors of 15496?
2, 13, 149
List the prime factors of 2043.
3, 227
List the prime factors of 24182.
2, 107, 113
List the prime factors of 1709.
1709
List the prime factors of 5681.
13, 19, 23
List the prime factors of 6890.
2, 5, 13, 53
What are the prime factors of 2475?
3, 5, 11
What are the prime factors of 2361?
3, 787
What are the prime factors of 2003?
2003
List the prime factors of 1389.
3, 463
What are the prime factors of 2369?
23, 103
List the prime factors of 3530.
2, 5, 353
List the prime factors of 21638.
2, 31, 349
What are the prime factors of 2060?
2, 5, 103
What are the prime factors of 24840?
2, 3, 5, 23
What are the prime factors of 3571?
3571
List the prime factors of 111788.
2, 27947
List the prime factors of 37638.
2, 3, 17, 41
What are the prime factors of 8449?
7, 17, 71
List the prime factors of 32772.
2, 3, 2731
List the prime factors of 9776.
2, 13, 47
What are the prime factors of 23592?
2, 3, 983
List the prime factors of 2164.
2, 541
What are the prime factors of 66999?
3, 23, 971
List the prime factors of 26328.
2, 3, 1097
List the prime factors of 1082.
2, 541
What are the prime factors of 973?
7, 139
What are the prime factors of 1622?
2, 811
List the prime factors of 153.
3, 17
List the prime factors of 715.
5, 11, 13
List the prime factors of 20559.
3, 7, 11, 89
What are the prime factors of 24008?
2, 3001
What are the prime factors of 5137?
11, 467
List the prime factors of 10681.
11, 971
List the prime factors of 3724.
2, 7, 19
List the prime factors of 30154.
2, 15077
What are the prime factors of 1580?
2, 5, 79
What are the prime factors of 48122?
2, 24061
What are the prime factors of 2161?
2161
What are the prime factors of 2599?
23, 113
List the prime factors of 12869.
17, 757
List the prime factors of 740.
2, 5, 37
List the prime factors of 594.
2, 3, 11
List the prime factors of 39340.
2, 5, 7, 281
List the prime factors of 106586.
2, 137, 389
List the prime factors of 2347.
2347
List the prime factors of 13267.
13267
What are the prime factors of 23300?
2, 5, 233
What are the prime factors of 167625?
3, 5, 149
What are the prime factors of 37964?
2, 9491
What are the prime factors of 155175?
3, 5, 2069
What are the prime factors of 453?
3, 151
What are the prime factors of 54794?
2, 27397
List the prime factors of 23166.
2, 3, 11, 13
What are the prime factors of 30596?
2, 7649
List the prime factors of 5906.
2, 2953
List the prime factors of 76523.
59, 1297
What are the prime factors of 131?
131
What are the prime factors of 59596?
2, 47, 317
List the prime factors of 7707.
3, 7, 367
List the prime factors of 36999.
3, 4111
What are the prime factors of 1176?
2, 3, 7
What are the prime factors of 28119?
3, 7, 13, 103
List the prime factors of 252.
2, 3, 7
List the prime factors of 29691.
3, 3299
What are the prime factors of 138182?
2, 11, 571
What are the prime factors of 1974?
2, 3, 7, 47
What are the prime factors of 69282?
2, 3, 1283
What are the prime factors of 1388?
2, 347
List the prime factors of 2468.
2, 617
What are the prime factors of 115313?
11, 953
What are the prime factors of 24594?
2, 3, 4099
What are the prime factors of 2608?
2, 163
What are the prime factors of 54717?
3, 13, 23, 61
What are the prime factors of 566?
2, 283
What are the prime factors of 1199?
11, 109
List the prime factors of 9661.
9661
What are the prime factors of 28564?
2, 37, 193
List the prime factors of 50428.
2, 7, 1801
List the prime factors of 4996.
2, 1249
What are the prime factors of 4522?
2, 7, 17, 19
What are the prime factors of 652?
2, 163
List the prime factors of 7650.
2, 3, 5, 17
List the prime factors of 2282.
2, 7, 163
List the prime factors of 8151.
3, 11, 13, 19
What are the prime factors of 3746?
2, 1873
What are the prime factors of 13576?
2, 1697
List the prime factors of 19759.
19759
List the prime factors of 64936.
2, 8117
List the prime factors of 9577.
61, 157
What are the prime factors of 662?
2, 331
List the prime factors of 498.
2, 3, 83
List the prime factors of 1724.
2, 431
What are the prime factors of 2033?
19, 107
List the prime factors of 41174.
2, 7, 17, 173
What are the prime factors of 2068?
2, 11, 47
What are the prime factors of 19136?
2, 13, 23
List the prime factors of 803.
11, 73
List the prime factors of 2894.
2, 1447
List the prime factors of 728.
2, 7, 13
List the prime factors of 13053.
3, 19, 229
List the prime factors of 1069.
1069
List the prime factors of 79958.
2, 39979
What are the prime factors of 118187?
73, 1619
List the prime factors of 18180.
2, 3, 5, 101
List the prime factors of 54693.
3, 59, 103
List the prime factors of 438.
2, 3, 73
What are the prime factors of 3582?
2, 3, 199
What are the prime factors of 54929?
7, 19, 59
List the prime factors of 151126.
2, 19, 41, 97
What are the prime factors of 9511?
9511
What are the prime factors of 2205?
3, 5, 7
List the prime factors of 1681.
41
What are the prime factors of 2706?
2, 3, 11, 41
List the prime factors of 19431.
3, 17, 127
List the prime factors of 90668.
2, 19, 1193
What are the prime factors of 527?
17, 31
What are the prime factors of 14297?
17, 29
What are the prime factors of 3604?
2, 17, 53
List the prime factors of 43909.
19, 2311
What are the prime factors of 8629?
8629
List the prime factors of 2671.
2671
List the prime factors of 26665.
5, 5333
List the prime factors of 369.
3, 41
What are the prime factors of 21929?
21929
What are the prime factors of 46690?
2, 5, 7, 23, 29
List the prime factors of 3412.
2, 853
What are the prime factors of 2843?
2843
What are the prime factors of 220?
2, 5, 11
What are the prime factors of 1222?
2, 13, 47
List the prime factors of 154361.
163, 947
What are the prime factors of 13849?
11, 1259
What are the prime factors of 3482?
2, 1741
What are the prime factors of 22655?
5, 23, 197
What are the prime factors of 803?
11, 73
What are the prime factors of 6546?
2, 3, 1091
List the prime factors of 1551.
3, 11, 47
List the prime factors of 1701.
3, 7
List the prime factors of 7229.
7229
What are the prime factors of 1049?
1049
List the prime factors of 12784.
2, 17, 47
What are the prime factors of 4046?
2, 7, 17
List the prime factors of 22041.
3, 31, 79
List the prime factors of 19645.
5, 3929
What are the prime factors of 30155?
5, 37, 163
List the prime factors of 500.
2, 5
List the prime factors of 318.
2, 3, 53
What are the prime factors of 63061?
19, 3319
What are the prime factors of 1179?
3, 131
List the prime factors of 420.
2, 3, 5, 7
List the prime factors of 3476.
2, 11, 79
What are the prime factors of 64393?
7, 9199
List the prime factors of 17342.
2, 13, 23, 29
What are the prime factors of 1284?
2, 3, 107
List the prime factors of 23861.
107, 223
List the prime factors of 910.
2, 5, 7, 13
List the prime factors of 923.
13, 71
What are the prime factors of 43750?
2, 5, 7
What are the prime factors of 2452?
2, 613
What are the prime factors of 2802?
2, 3, 467
What are the prime factors of 2873?
13, 17
List the prime factors of 628.
2, 157
What are the prime factors of 1561?
7, 223
What are the prime factors of 1962?
2, 3, 109
What are the prime factors of 19564?
2, 67, 73
What are the prime factors of 62278?
2, 31139
What are the prime factors of 15448?
2, 1931
What are the prime factors of 2130?
2, 3, 5, 71
List the prime factors of 503.
503
List the prime factors of 3880.
2, 5, 97
List the prime factors of 139685.
5, 7, 13, 307
What are the prime factors of 36123?
3, 12041
List the prime factors of 876.
2, 3, 73
List the prime factors of 501.
3, 167
What are the prime factors of 1782?
2, 3, 11
What are the prime factors of 9196?
2, 11, 19
List the prime factors of 3731.
7, 13, 41
List the prime factors of 75669.
3, 11, 2293
What are the prime factors of 1925?
5, 7, 11
List the prime factors of 13773.
3, 4591
What are the prime factors of 18280?
2, 5, 457
What are the prime factors of 9989?
7, 1427
What are the prime factors of 1131?
3, 13, 29
List the prime factors of 280.
2, 5, 7
What are the prime factors of 66012?
2, 3, 5501
What are the prime factors of 6743?
11, 613
List the prime factors of 27921.
3, 41, 227
What are the prime fac